*b**2 + b - 24. Let q be o(y). What is the greatest common divisor of q and 22?
2
Suppose 3*o + 48 = -4*s - 0*o, 0 = 4*s - o + 32. Let j be (-4)/(-36)*-2 - 2702/s. Calculate the greatest common divisor of j and 24.
12
Let h(r) = 10*r + 65. Let u be h(-6). Suppose 0*b - 400 = -u*b. What is the highest common factor of 200 and b?
40
Suppose -210 = 69*u - 64*u. Let x = u + 54. Calculate the highest common factor of 6 and x.
6
Let j be -7 + 1 + 13 - 9. Let c be (j - 3)*(-8)/1 - -5. What is the greatest common factor of c and 12?
3
Let j(h) = -h + 8. Let s(d) = -d**2 + 12*d + 6. Let x be s(12). Suppose x*t + 1 = -29. Let v be j(t). Calculate the greatest common factor of v and 39.
13
Let c be ((-52)/16*2 - (11 - 14))*-2. Let v = 221 + -4. Calculate the highest common factor of c and v.
7
Suppose 0 = -20*v + 26*v + 1038. Let p = v + 175. What is the greatest common factor of 4 and p?
2
Suppose 4*u = 4*h + 3771 - 671, h - 791 = -u. What is the highest common divisor of 54 and u?
27
Let i be (1 + 2 - 1) + (-16 - -17). Let j be ((81/6)/i)/((-11)/22). Let x be (j/3)/((-2)/2). Calculate the greatest common factor of 24 and x.
3
Let l = 51 + -49. Let q(z) = 19*z + 40. Let a be q(l). What is the highest common divisor of 39 and a?
39
Let b = 22 - -24. Let u be (-12 + 16)*2*5. Let s be (-5)/(5/(-182)) + u/20. Calculate the highest common factor of b and s.
46
Suppose 4*o = 0, -o - 929 - 457 = -2*u - 0*u. What is the greatest common factor of 273 and u?
21
Let c = 23665 - 23656. Suppose 4*x - 759 = -3*b + 2*b, -3*x - b = -570. Calculate the greatest common divisor of x and c.
9
Let p be ((-624)/1092)/(9/(-3654)). Suppose s = -l + 6, 5*l = l - 3*s + 26. Calculate the greatest common divisor of l and p.
8
Let p be (-263578)/(-20) + 81/135 + 132/(-88). Calculate the highest common factor of p and 44.
22
Suppose -30 = 41*m - 43*m. Suppose 14*k + 2*x = m*k - 8, -4 = -2*x. What is the highest common divisor of 564 and k?
12
Suppose 312*h = 309*h + 1551. What is the highest common factor of h and 235?
47
Suppose 270*z - 269*z + b - 1 = 0, 0 = -3*z + 4*b + 45. Calculate the greatest common divisor of z and 256.
1
Let s(q) = -703*q - 6022. Let h be s(-11). Calculate the highest common divisor of h and 944.
59
Let k(w) = -2*w**3 + 113*w**2 - 54*w - 13. Let f be k(56). What is the greatest common divisor of 60 and f?
3
Let s(n) = -3*n + 116. Let b be s(38). Suppose -b*k - 5*w + 275 = 0, k - 438 = -2*k + w. Calculate the greatest common divisor of 5 and k.
5
Let b(h) be the third derivative of h**5/60 - 5*h**4/6 - h**3/2 - 84*h**2 - 1. Let k be b(21). What is the greatest common divisor of 12 and k?
6
Let l be 14/(-10)*((-18)/(-54))/((-13)/390). Let i(j) = -j**3 - 4*j**2 + 3*j + 2. Let y be i(-6). Calculate the greatest common divisor of y and l.
14
Suppose -3*s - 3007 = -5*b + 435, -b + 706 = -5*s. Calculate the greatest common divisor of 2107 and b.
49
Let m = 4174 - 4170. What is the greatest common divisor of m and 668?
4
Suppose -3*d = 15, -6*d - 1396 - 930 = -4*h. What is the greatest common factor of 518 and h?
14
Let b be (-206)/(-16) + 16/128. What is the highest common factor of 767 and b?
13
Let l = -7519 + 7574. What is the greatest common divisor of l and 185?
5
Suppose -4*n + 8*q + 178 = 7*q, -3*n - 4*q = -124. Calculate the greatest common divisor of n and 68.
4
Suppose 6791*c = 6806*c - 5115. Calculate the highest common divisor of c and 143.
11
Suppose 10*h - 6*h = 60. Let j be (-13)/(195/(-18))*15/9. Suppose -h = -x - 5*i + 2, j*i = -x + 23. Calculate the greatest common factor of 63 and x.
9
Let x = 956 + -926. Calculate the greatest common factor of 5205 and x.
15
Suppose 45664 = 4*g + 7*t, -14010 = -2*g - t + 8822. What is the highest common factor of g and 24?
8
Suppose -4*v - 9 = -n, -4*v = 10*n - 6*n - 16. Suppose n*z + d = -53 + 259, -2*z + 4*d + 100 = 0. What is the greatest common factor of 798 and z?
42
Let b be 1 + (190 - 2) - 0. Let t(y) = 16*y - 11. Let w be (3/6)/(5/20). Let g be t(w). Calculate the greatest common divisor of g and b.
21
Suppose -2*s - 3*s = 4*d - 32, 0 = -2*s - d + 11. Suppose -x + s*l = 8*l - 84, -5*x - 4*l = -468. Calculate the greatest common factor of x and 12.
12
Let j(k) = -k**2 + 8*k + 12. Let p be j(10). Let y = p + 11. Suppose 5*a = -h + 217, -2 - 7 = y*h. What is the greatest common divisor of a and 11?
11
Suppose -9*n + 0 + 488 = 2*x, -3*x - 51 = -n. What is the highest common factor of 1674 and n?
54
Let d(w) = w**2 - 7*w - 9. Let p be d(10). Let q = -584 + 587. What is the highest common factor of p and q?
3
Let n = -11 + 15. Let k(g) = g**3 - 3*g**2 - 8*g + 24. Let l be k(3). Suppose l = 5*p + 20, f + n*p + 6 = -6. What is the greatest common factor of 1 and f?
1
Suppose -3*p = 8*p - 33. Suppose -3*s - p*z + 0*z = -69, -3*z = 5*s - 107. Calculate the highest common divisor of 247 and s.
19
Let p(c) = 154*c**2 - 2*c - 2. Let f be p(-1). Let j be (5 + 18/(-8))*(14 - -2). What is the greatest common divisor of j and f?
22
Let s = 152 - 148. Suppose 357 = 3*r - 3*i, r + 357 = s*r + i. Let d = -15 - -32. Calculate the greatest common factor of r and d.
17
Let g = -5740 + 6027. What is the highest common factor of 280 and g?
7
Suppose -5*q + 30 = -2*q. Suppose 3 = 3*r + 3*b, -3*r + 2*b + 80 = 72. Calculate the highest common factor of q and r.
2
Let g = -15395 + 15681. What is the greatest common factor of 2431 and g?
143
Suppose -3*n + 687 = 5*f, -33 = -f + n + 98. What is the greatest common divisor of f and 1107?
27
Suppose 4*o - 12 = 0, -3*o + 37 = -0*b + b. What is the greatest common divisor of b and 4?
4
Let b be (61200/160)/(6/4). Calculate the greatest common divisor of 816 and b.
51
Let c(d) = 2*d**3 + 10*d + 6. Let p be c(-3). Let n = p - -98. What is the highest common factor of 170 and n?
10
Let c(p) = 66*p - 1025. Let n be c(21). Calculate the greatest common factor of 190 and n.
19
Let i(l) = l**3 + 11*l**2 + 17*l - 5. Suppose -2*n - 135 = 13*n. Let s be i(n). Calculate the greatest common factor of 108 and s.
4
Let x = 4726 - 4664. Calculate the greatest common factor of 6851 and x.
31
Let r be (-72)/(-3)*22/6. Let v be (-2)/3*47*9. Let c = v - -304. Calculate the highest common divisor of r and c.
22
Let l(b) = 2*b**2 - 6*b + 1. Let r be l(5). Suppose -2*s = p - 7, -p - s = -6*s - r. What is the highest common factor of p and 22?
11
Let k(r) = -r**3 + 15*r**2 - 6*r - 26. Let z be k(15). Let u = z + 76. Let t = u - -110. What is the highest common divisor of 14 and t?
14
Let h be ((-21)/2)/(-3)*(0 + 2). Let s(z) = 10*z - 14. Let p be s(h). Calculate the highest common divisor of 84 and p.
28
Suppose 11 = o + 4 - 42. Suppose 0 = -5*i - 14 - 121. Let p = o - i. What is the greatest common factor of 38 and p?
38
Suppose 5*j - n = 199, 4*j - 119 = j + n. What is the greatest common divisor of 510 and j?
10
Let r = -298 + 555. Suppose 9*k - r = 175. Calculate the highest common divisor of 72 and k.
24
Let g(i) = -8*i - 44. Let x be (-2)/4*(-30 + 46). Let l be g(x). What is the greatest common factor of l and 5?
5
Let a be ((-8)/10 - (-6 + 4))/((-41)/(-410)). Let t be (2 + -4)/1*-54. What is the greatest common factor of a and t?
12
Let g = 3479 + -3459. What is the greatest common factor of 1860 and g?
20
Suppose 23*n - 187 - 112 = 0. Calculate the greatest common factor of 611 and n.
13
Let k be (10 - -2)/((-175)/(-86) + -2). Suppose 2*c + 346 = 5*s, 3*c = 3*s + 2*s - k. Suppose s = -3*m + 8*m. Calculate the greatest common factor of 14 and m.
14
Let d = 2 + -1. Let y be (d - 2 - 2) + 24. Suppose -25*a = -y*a - 36. Calculate the highest common factor of 12 and a.
3
Let q(l) = -117*l + 12177. Let s be q(103). Calculate the highest common factor of s and 1568.
14
Suppose 5*k + h = 237, 3*h = 5*k - 2*k - 135. Let l be (-47)/(-2 + ((-18)/4)/(-3)). Calculate the greatest common factor of k and l.
47
Let l be (1504/329)/(1/7). What is the highest common divisor of l and 928?
32
Suppose 56*p - k = 55*p - 1652, -4*k + 3314 = -2*p. Let q = p - -1812. Let r be 5*(2 + 1 + 0). What is the greatest common factor of r and q?
15
Suppose 20*x - 3 - 17 = 0. Let t(b) = 25*b**3 - 2*b**2 + 8*b - 6. Let q be t(x). What is the greatest common divisor of 225 and q?
25
Suppose -370*f - 36889 - 25415 = -547*f. Calculate 